{"id":382,"date":"2024-04-20T14:17:02","date_gmt":"2024-04-20T14:17:02","guid":{"rendered":"https:\/\/apelyon.esb.sk\/?page_id=382"},"modified":"2024-05-09T20:21:01","modified_gmt":"2024-05-09T19:21:01","slug":"pre-koho","status":"publish","type":"page","link":"https:\/\/apelyon.esb.sk\/index.php\/pre-koho\/","title":{"rendered":"Pre koho"},"content":{"rendered":"\n<div class=\"wp-block-cover alignfull hero\"><span aria-hidden=\"true\" class=\"wp-block-cover__background has-nv-dark-bg-background-color has-background-dim\"><\/span><img loading=\"lazy\" decoding=\"async\" width=\"1300\" height=\"403\" class=\"wp-block-cover__image-background wp-image-776\" alt=\"Obr\u00e1zok schodov\" src=\"https:\/\/apelyon.esb.sk\/wp-content\/uploads\/2024\/04\/schody.png\" data-object-fit=\"cover\" srcset=\"https:\/\/apelyon.esb.sk\/wp-content\/uploads\/2024\/04\/schody.png 1300w, https:\/\/apelyon.esb.sk\/wp-content\/uploads\/2024\/04\/schody-300x93.png 300w, https:\/\/apelyon.esb.sk\/wp-content\/uploads\/2024\/04\/schody-1024x317.png 1024w, https:\/\/apelyon.esb.sk\/wp-content\/uploads\/2024\/04\/schody-768x238.png 768w\" sizes=\"auto, (max-width: 1300px) 100vw, 1300px\" \/><div class=\"wp-block-cover__inner-container is-layout-constrained wp-block-cover-is-layout-constrained\">\n<div class=\"wp-block-group container\"><div class=\"wp-block-group__inner-container is-layout-constrained wp-block-group-is-layout-constrained\">\n<div class=\"wp-block-columns mb-0 is-layout-flex wp-container-core-columns-is-layout-9d6595d7 wp-block-columns-is-layout-flex\">\n<div class=\"wp-block-column is-layout-flow wp-block-column-is-layout-flow\" style=\"flex-basis:60%\">\n<h2 class=\"wp-block-heading has-text-align-left\">Ka\u017ed\u00e1 f\u00e1za vo v\u00fdvoji<br>v\u00e1\u0161ho podniku prin\u00e1\u0161a<br>svoje \u0161pecifick\u00e9 ot\u00e1zky<\/h2>\n\n\n\n<h4 class=\"wp-block-heading mb-0\">Ak vyu\u017e\u00edvate tie spr\u00e1vne n\u00e1stroje, v ka\u017edej z t\u00fdchto f\u00e1z m\u00f4\u017eete robi\u0165 svoje rozhodnutia sebavedomo<br>a by\u0165 vo svojom riaden\u00ed \u00fadern\u00ed. \u2028<\/h4>\n<\/div>\n<\/div>\n<\/div><\/div>\n<\/div><\/div>\n\n\n\n<div class=\"wp-block-cover alignfull cover--two-cols\"><span aria-hidden=\"true\" class=\"wp-block-cover__background has-nv-light-bg-background-color has-background-dim-100 has-background-dim\"><\/span><div class=\"wp-block-cover__inner-container is-layout-constrained wp-block-cover-is-layout-constrained\">\n<div class=\"wp-block-columns are-vertically-aligned-center mb-0 is-layout-flex wp-container-core-columns-is-layout-9d6595d7 wp-block-columns-is-layout-flex\">\n<div class=\"wp-block-column is-vertically-aligned-center is-layout-flow wp-block-column-is-layout-flow\" style=\"flex-basis:50%\">\n<div class=\"wp-block-cover is-light\"><span aria-hidden=\"true\" class=\"wp-block-cover__background has-background-dim-0 has-background-dim\"><\/span><img loading=\"lazy\" decoding=\"async\" width=\"330\" height=\"330\" class=\"wp-block-cover__image-background wp-image-814\" alt=\"Obr\u00e1zok trojuholn\u00edk\" src=\"https:\/\/apelyon.esb.sk\/wp-content\/uploads\/2024\/04\/trojuholnik-zaciatok.png\" data-object-fit=\"cover\" srcset=\"https:\/\/apelyon.esb.sk\/wp-content\/uploads\/2024\/04\/trojuholnik-zaciatok.png 330w, https:\/\/apelyon.esb.sk\/wp-content\/uploads\/2024\/04\/trojuholnik-zaciatok-300x300.png 300w, https:\/\/apelyon.esb.sk\/wp-content\/uploads\/2024\/04\/trojuholnik-zaciatok-150x150.png 150w\" sizes=\"auto, (max-width: 330px) 100vw, 330px\" \/><div class=\"wp-block-cover__inner-container is-layout-constrained wp-block-cover-is-layout-constrained\">\n<h3 class=\"wp-block-heading has-text-align-center\">Za\u010diatok<\/h3>\n\n\n\n<h5 class=\"wp-block-heading has-text-align-center\"><a href=\"https:\/\/apelyon.esb.sk\/index.php\/mudre-nastroje\/mapa-podnikovych-interakcii\/\" data-type=\"page\" data-id=\"572\">MAPA PODNIKOV\u00ddCH INTERAKCI\u00cd<\/a><\/h5>\n\n\n\n<h5 class=\"wp-block-heading has-text-align-center\"><a href=\"https:\/\/apelyon.esb.sk\/index.php\/mudre-nastroje\/digitalne-dvojca\/\" data-type=\"page\" data-id=\"706\">DIGIT\u00c1LNE DVOJ\u010cA<\/a><\/h5>\n<\/div><\/div>\n<\/div>\n\n\n\n<div class=\"wp-block-column is-vertically-aligned-center is-layout-flow wp-block-column-is-layout-flow\" style=\"flex-basis:50%\">\n<div class=\"wp-block-cover\"><span aria-hidden=\"true\" class=\"wp-block-cover__background has-background-dim-0 has-background-dim\"><\/span><img loading=\"lazy\" decoding=\"async\" width=\"330\" height=\"330\" class=\"wp-block-cover__image-background wp-image-841\" alt=\"Obr\u00e1zok ot\u00e1znik \" src=\"https:\/\/apelyon.esb.sk\/wp-content\/uploads\/2024\/04\/otaznik-fialova-20.png\" data-object-fit=\"cover\" srcset=\"https:\/\/apelyon.esb.sk\/wp-content\/uploads\/2024\/04\/otaznik-fialova-20.png 330w, https:\/\/apelyon.esb.sk\/wp-content\/uploads\/2024\/04\/otaznik-fialova-20-300x300.png 300w, https:\/\/apelyon.esb.sk\/wp-content\/uploads\/2024\/04\/otaznik-fialova-20-150x150.png 150w\" sizes=\"auto, (max-width: 330px) 100vw, 330px\" \/><div class=\"wp-block-cover__inner-container is-layout-constrained wp-block-cover-is-layout-constrained\">\n<p class=\"has-text-align-left mb-0 has-neve-text-color-color has-text-color has-link-color wp-elements-de2c7047f95fec6b1f9cbce5f4fa3e52\">Kedy je \u010das zau\u010di\u0165 nov\u00fdch \u013eud\u00ed?<br><br>Pre\u010do sa mi nedar\u00ed \u017eiadnu aktivitu dokon\u010di\u0165 aj ke\u010f ich rob\u00edm ve\u013emi ve\u013ea?<br><br>Zvl\u00e1dneme v takomto t\u00edme nar\u00e1s\u0165 na dvojn\u00e1sobok?<br><br>Kanban n\u00e1m len pripomienkuje, ale pre\u010do n\u00e1m nepom\u00e1ha v riaden\u00ed?<br><br>Ako m\u00e1m zmeni\u0165 to, \u017ee tr\u00e1vim viac \u010dasu\u2028nah\u00e1\u0148an\u00edm inform\u00e1cii, ako pr\u00e1cou samotnou?<\/p>\n<\/div><\/div>\n<\/div>\n<\/div>\n<\/div><\/div>\n\n\n\n<div class=\"wp-block-cover alignfull cover--two-cols\"><span aria-hidden=\"true\" class=\"wp-block-cover__background has-nv-site-bg-background-color has-background-dim-100 has-background-dim\"><\/span><div class=\"wp-block-cover__inner-container is-layout-constrained wp-block-cover-is-layout-constrained\">\n<div class=\"wp-block-columns are-vertically-aligned-center mb-0 is-layout-flex wp-container-core-columns-is-layout-9d6595d7 wp-block-columns-is-layout-flex\">\n<div class=\"wp-block-column is-vertically-aligned-center is-layout-flow wp-block-column-is-layout-flow\" style=\"flex-basis:50%\">\n<div class=\"wp-block-cover\"><span aria-hidden=\"true\" class=\"wp-block-cover__background has-background-dim-0 has-background-dim\"><\/span><img loading=\"lazy\" decoding=\"async\" width=\"330\" height=\"330\" class=\"wp-block-cover__image-background wp-image-853\" alt=\"Obr\u00e1zok \u0161ipka hore\" src=\"https:\/\/apelyon.esb.sk\/wp-content\/uploads\/2024\/04\/sipka-hore.png\" data-object-fit=\"cover\" srcset=\"https:\/\/apelyon.esb.sk\/wp-content\/uploads\/2024\/04\/sipka-hore.png 330w, https:\/\/apelyon.esb.sk\/wp-content\/uploads\/2024\/04\/sipka-hore-300x300.png 300w, https:\/\/apelyon.esb.sk\/wp-content\/uploads\/2024\/04\/sipka-hore-150x150.png 150w\" sizes=\"auto, (max-width: 330px) 100vw, 330px\" \/><div class=\"wp-block-cover__inner-container is-layout-constrained wp-block-cover-is-layout-constrained\">\n<h3 class=\"wp-block-heading has-text-align-center has-neve-text-color-color has-text-color has-link-color wp-elements-47afe28309a2e14a43ebcb200925f683\">Rast<\/h3>\n\n\n\n<h5 class=\"wp-block-heading has-text-align-center has-neve-text-color-color has-text-color has-link-color wp-elements-5a3424cbffcbd78a02f10efd667c2a01\"><a href=\"https:\/\/apelyon.esb.sk\/index.php\/mudre-nastroje\/digitalne-dvojca\/\" data-type=\"page\" data-id=\"706\">DIGIT\u00c1LNE DVOJ\u010cA<\/a><\/h5>\n\n\n\n<h5 class=\"wp-block-heading has-text-align-center has-neve-text-color-color has-text-color has-link-color wp-elements-def21749bcbe8bb052119d02cda10921\"><a href=\"https:\/\/apelyon.esb.sk\/index.php\/mudre-nastroje\/biznis-konzola\/\" data-type=\"page\" data-id=\"771\">BIZNIS KONZOLA<\/a><\/h5>\n\n\n\n<h5 class=\"wp-block-heading has-text-align-center has-neve-text-color-color has-text-color has-link-color wp-elements-8aee7e7c354fffc7344fe71a8093219b\"><a href=\"https:\/\/apelyon.esb.sk\/index.php\/mudre-nastroje\/zavedenie-riesenia\/\" data-type=\"page\" data-id=\"785\">ZAVEDENIE RIE\u0160ENIA<\/a><\/h5>\n<\/div><\/div>\n<\/div>\n\n\n\n<div class=\"wp-block-column is-vertically-aligned-center is-layout-flow wp-block-column-is-layout-flow\" style=\"flex-basis:50%\">\n<div class=\"wp-block-cover\"><span aria-hidden=\"true\" class=\"wp-block-cover__background has-background-dim-0 has-background-dim\"><\/span><img loading=\"lazy\" decoding=\"async\" width=\"330\" height=\"330\" class=\"wp-block-cover__image-background wp-image-841\" alt=\"Obr\u00e1zok ot\u00e1znik \" src=\"https:\/\/apelyon.esb.sk\/wp-content\/uploads\/2024\/04\/otaznik-fialova-20.png\" data-object-fit=\"cover\" srcset=\"https:\/\/apelyon.esb.sk\/wp-content\/uploads\/2024\/04\/otaznik-fialova-20.png 330w, https:\/\/apelyon.esb.sk\/wp-content\/uploads\/2024\/04\/otaznik-fialova-20-300x300.png 300w, https:\/\/apelyon.esb.sk\/wp-content\/uploads\/2024\/04\/otaznik-fialova-20-150x150.png 150w\" sizes=\"auto, (max-width: 330px) 100vw, 330px\" \/><div class=\"wp-block-cover__inner-container is-layout-constrained wp-block-cover-is-layout-constrained\">\n<p class=\"has-text-align-left mb-0 has-neve-text-color-color has-text-color has-link-color wp-elements-4263fdeaee10f06c72957e56b9869749\">Neviem, ktor\u00e9 aktivity n\u00e1m dnes zaberaj\u00fa najviac kapac\u00edt.<br><br>Kam m\u00e1m investova\u0165 uvo\u013enen\u00e9 prostriedky, aby to malo najv\u00e4\u010d\u0161\u00ed dopad na v\u00fdsledky firmy?<br><br>\u010co ak sa pri svojich rozhodnutiach zm\u00fdlim?<br><br>Ako zist\u00edm, \u010di ma implement\u00e1cia rie\u0161enia nestoj\u00ed pr\u00edli\u0161 ve\u013ea?<br><br>Ako nezahu\u010da\u0165 pri projekte?<br><br>Nedosahujeme ziskovos\u0165 pod\u013ea pl\u00e1nu, \u010do m\u00e1m robi\u0165?<br><br>\u010co ma stoj\u00ed vo firme zbyto\u010dne ve\u013ea?<\/p>\n<\/div><\/div>\n<\/div>\n<\/div>\n<\/div><\/div>\n\n\n\n<div class=\"wp-block-cover alignfull cover--two-cols\"><span aria-hidden=\"true\" class=\"wp-block-cover__background has-nv-light-bg-background-color has-background-dim-100 has-background-dim\"><\/span><div class=\"wp-block-cover__inner-container is-layout-constrained wp-block-cover-is-layout-constrained\">\n<div class=\"wp-block-columns are-vertically-aligned-center mb-0 is-layout-flex wp-container-core-columns-is-layout-9d6595d7 wp-block-columns-is-layout-flex\">\n<div class=\"wp-block-column is-vertically-aligned-center is-layout-flow wp-block-column-is-layout-flow\" style=\"flex-basis:50%\">\n<div class=\"wp-block-cover is-light\"><span aria-hidden=\"true\" class=\"wp-block-cover__background has-background-dim-0 has-background-dim\"><\/span><img loading=\"lazy\" decoding=\"async\" width=\"330\" height=\"330\" class=\"wp-block-cover__image-background wp-image-864\" alt=\"Obr\u00e1zok kruh\" src=\"https:\/\/apelyon.esb.sk\/wp-content\/uploads\/2024\/04\/kruh.png\" data-object-fit=\"cover\" srcset=\"https:\/\/apelyon.esb.sk\/wp-content\/uploads\/2024\/04\/kruh.png 330w, https:\/\/apelyon.esb.sk\/wp-content\/uploads\/2024\/04\/kruh-300x300.png 300w, https:\/\/apelyon.esb.sk\/wp-content\/uploads\/2024\/04\/kruh-150x150.png 150w\" sizes=\"auto, (max-width: 330px) 100vw, 330px\" \/><div class=\"wp-block-cover__inner-container is-layout-constrained wp-block-cover-is-layout-constrained\">\n<h3 class=\"wp-block-heading has-text-align-center\">Automatiz\u00e1cia<\/h3>\n\n\n\n<h5 class=\"wp-block-heading has-text-align-center\"><a href=\"https:\/\/apelyon.esb.sk\/index.php\/mudre-nastroje\/mapa-podnikovych-interakcii\/\" data-type=\"page\" data-id=\"572\">MAPA PODNIKOV\u00ddCH INTERAKCI\u00cd<\/a><\/h5>\n\n\n\n<h5 class=\"wp-block-heading has-text-align-center\"><a href=\"https:\/\/apelyon.esb.sk\/index.php\/mudre-nastroje\/zavedenie-riesenia\/\" data-type=\"page\" data-id=\"785\">ZAVEDENIE RIE\u0160ENIA<\/a><\/h5>\n\n\n\n<h5 class=\"wp-block-heading has-text-align-center\"><a href=\"https:\/\/apelyon.esb.sk\/index.php\/mudre-nastroje\/biznis-architektura\/\" data-type=\"page\" data-id=\"791\">BIZNIS ARCHITEKT\u00daRA<\/a><\/h5>\n<\/div><\/div>\n<\/div>\n\n\n\n<div class=\"wp-block-column is-vertically-aligned-center is-layout-flow wp-block-column-is-layout-flow\" style=\"flex-basis:50%\">\n<div class=\"wp-block-cover\"><span aria-hidden=\"true\" class=\"wp-block-cover__background has-background-dim-0 has-background-dim\"><\/span><img loading=\"lazy\" decoding=\"async\" width=\"330\" height=\"330\" class=\"wp-block-cover__image-background wp-image-841\" alt=\"Obr\u00e1zok ot\u00e1znik \" src=\"https:\/\/apelyon.esb.sk\/wp-content\/uploads\/2024\/04\/otaznik-fialova-20.png\" data-object-fit=\"cover\" srcset=\"https:\/\/apelyon.esb.sk\/wp-content\/uploads\/2024\/04\/otaznik-fialova-20.png 330w, https:\/\/apelyon.esb.sk\/wp-content\/uploads\/2024\/04\/otaznik-fialova-20-300x300.png 300w, https:\/\/apelyon.esb.sk\/wp-content\/uploads\/2024\/04\/otaznik-fialova-20-150x150.png 150w\" sizes=\"auto, (max-width: 330px) 100vw, 330px\" \/><div class=\"wp-block-cover__inner-container is-layout-constrained wp-block-cover-is-layout-constrained\">\n<p class=\"has-text-align-left mb-0 has-neve-text-color-color has-text-color has-link-color wp-elements-6fa80c0b656d4b743e6684668255ddf3\">Nerozumiem dod\u00e1vate\u013esk\u00fdch po\u017eiadavk\u00e1m.<br><br>Ako zvl\u00e1dnu\u0165 zmenu o ktorej ni\u010d neviem?<br><br>Pod\u013ea \u010doho sa rozhodn\u00fa\u0165 o v\u00fd\u0161ke invest\u00edcii?<br><br>Ako z\u00faro\u010di\u0165 invest\u00edcie, ktor\u00e9 sme u\u017e do projektu naliali?<br><br>\u010co najviac zdr\u017euje mojich kolegov a ako to m\u00e1m vyrie\u0161i\u0165?<br><br>Ako spr\u00e1vne a v\u010das zapoji\u0165 biznis pou\u017e\u00edvate\u013eov?<\/p>\n<\/div><\/div>\n<\/div>\n<\/div>\n<\/div><\/div>\n\n\n\n<div class=\"wp-block-cover alignfull cover--two-cols\"><span aria-hidden=\"true\" class=\"wp-block-cover__background has-nv-site-bg-background-color has-background-dim-100 has-background-dim\"><\/span><div class=\"wp-block-cover__inner-container is-layout-constrained wp-block-cover-is-layout-constrained\">\n<div class=\"wp-block-columns are-vertically-aligned-center mb-0 is-layout-flex wp-container-core-columns-is-layout-9d6595d7 wp-block-columns-is-layout-flex\">\n<div class=\"wp-block-column is-vertically-aligned-center is-layout-flow wp-block-column-is-layout-flow\" style=\"flex-basis:50%\">\n<div class=\"wp-block-cover\"><span aria-hidden=\"true\" class=\"wp-block-cover__background has-background-dim-0 has-background-dim\"><\/span><img loading=\"lazy\" decoding=\"async\" width=\"330\" height=\"330\" class=\"wp-block-cover__image-background wp-image-865\" alt=\"Obr\u00e1zok dvojit\u00e1 \u0161ipka vpravo\" src=\"https:\/\/apelyon.esb.sk\/wp-content\/uploads\/2024\/04\/dvojita-sipka-fialova.png\" data-object-fit=\"cover\" srcset=\"https:\/\/apelyon.esb.sk\/wp-content\/uploads\/2024\/04\/dvojita-sipka-fialova.png 330w, https:\/\/apelyon.esb.sk\/wp-content\/uploads\/2024\/04\/dvojita-sipka-fialova-300x300.png 300w, https:\/\/apelyon.esb.sk\/wp-content\/uploads\/2024\/04\/dvojita-sipka-fialova-150x150.png 150w\" sizes=\"auto, (max-width: 330px) 100vw, 330px\" \/><div class=\"wp-block-cover__inner-container is-layout-constrained wp-block-cover-is-layout-constrained\">\n<h3 class=\"wp-block-heading has-text-align-center has-neve-text-color-color has-text-color has-link-color wp-elements-f179c1a00def92896a6e94d1e3cb69d4\">Optimaliz\u00e1cia<\/h3>\n\n\n\n<h5 class=\"wp-block-heading has-text-align-center has-neve-text-color-color has-text-color has-link-color wp-elements-10e8cb657e8a9963f41a681a594ddff9\"><a href=\"https:\/\/apelyon.esb.sk\/index.php\/mudre-nastroje\/mapa-podnikovych-interakcii\/\" data-type=\"page\" data-id=\"572\">MAPA PODNIKOV\u00ddCH INTERAKCI\u00cd<\/a><\/h5>\n\n\n\n<h5 class=\"wp-block-heading has-text-align-center has-neve-text-color-color has-text-color has-link-color wp-elements-8aee7e7c354fffc7344fe71a8093219b\"><a href=\"https:\/\/apelyon.esb.sk\/index.php\/mudre-nastroje\/zavedenie-riesenia\/\" data-type=\"page\" data-id=\"785\">ZAVEDENIE RIE\u0160ENIA<\/a><\/h5>\n\n\n\n<h5 class=\"wp-block-heading has-text-align-center has-neve-text-color-color has-text-color has-link-color wp-elements-def21749bcbe8bb052119d02cda10921\"><a href=\"https:\/\/apelyon.esb.sk\/index.php\/mudre-nastroje\/biznis-konzola\/\" data-type=\"page\" data-id=\"771\">BIZNIS KONZOLA<\/a><\/h5>\n<\/div><\/div>\n<\/div>\n\n\n\n<div class=\"wp-block-column is-vertically-aligned-center is-layout-flow wp-block-column-is-layout-flow\" style=\"flex-basis:50%\">\n<div class=\"wp-block-cover\"><span aria-hidden=\"true\" class=\"wp-block-cover__background has-background-dim-0 has-background-dim\"><\/span><img loading=\"lazy\" decoding=\"async\" width=\"330\" height=\"330\" class=\"wp-block-cover__image-background wp-image-841\" alt=\"Obr\u00e1zok ot\u00e1znik \" src=\"https:\/\/apelyon.esb.sk\/wp-content\/uploads\/2024\/04\/otaznik-fialova-20.png\" data-object-fit=\"cover\" srcset=\"https:\/\/apelyon.esb.sk\/wp-content\/uploads\/2024\/04\/otaznik-fialova-20.png 330w, https:\/\/apelyon.esb.sk\/wp-content\/uploads\/2024\/04\/otaznik-fialova-20-300x300.png 300w, https:\/\/apelyon.esb.sk\/wp-content\/uploads\/2024\/04\/otaznik-fialova-20-150x150.png 150w\" sizes=\"auto, (max-width: 330px) 100vw, 330px\" \/><div class=\"wp-block-cover__inner-container is-layout-constrained wp-block-cover-is-layout-constrained\">\n<p class=\"has-text-align-left mb-0 has-neve-text-color-color has-text-color has-link-color wp-elements-cbf30db6bc9599408f989e96903c988b\">Ako zosta\u0165 pri jednom funk\u010dnom rie\u0161en\u00ed a nemeni\u0165 st\u00e1le rozhodnutia?<br><br>Kde n\u00e1m viazne tok financi\u00ed?<br><br>Pre\u010do nedosahujem pl\u00e1novan\u00fa ziskovos\u0165?<br><br>Manu\u00e1lne \u00fakony oce\u0148ujeme odhadom, ale je to spr\u00e1vne?<br><br>Pre\u010do sa v produktivite nepos\u00favame ako by som si \u017eelal?<\/p>\n<\/div><\/div>\n<\/div>\n<\/div>\n<\/div><\/div>\n\n\n\n<div class=\"wp-block-cover alignfull cover--two-cols\"><span aria-hidden=\"true\" class=\"wp-block-cover__background has-nv-light-bg-background-color has-background-dim-100 has-background-dim\"><\/span><div class=\"wp-block-cover__inner-container is-layout-constrained wp-block-cover-is-layout-constrained\">\n<div class=\"wp-block-columns are-vertically-aligned-center mb-0 is-layout-flex wp-container-core-columns-is-layout-9d6595d7 wp-block-columns-is-layout-flex\">\n<div class=\"wp-block-column is-vertically-aligned-center is-layout-flow wp-block-column-is-layout-flow\" style=\"flex-basis:50%\">\n<div class=\"wp-block-cover is-light\"><span aria-hidden=\"true\" class=\"wp-block-cover__background has-background-dim-0 has-background-dim\"><\/span><img loading=\"lazy\" decoding=\"async\" width=\"330\" height=\"330\" class=\"wp-block-cover__image-background wp-image-866\" alt=\"Obr\u00e1zok koso\u0161tvorec\" src=\"https:\/\/apelyon.esb.sk\/wp-content\/uploads\/2024\/04\/kosostvorec.png\" data-object-fit=\"cover\" srcset=\"https:\/\/apelyon.esb.sk\/wp-content\/uploads\/2024\/04\/kosostvorec.png 330w, https:\/\/apelyon.esb.sk\/wp-content\/uploads\/2024\/04\/kosostvorec-300x300.png 300w, https:\/\/apelyon.esb.sk\/wp-content\/uploads\/2024\/04\/kosostvorec-150x150.png 150w\" sizes=\"auto, (max-width: 330px) 100vw, 330px\" \/><div class=\"wp-block-cover__inner-container is-layout-constrained wp-block-cover-is-layout-constrained\">\n<h3 class=\"wp-block-heading has-text-align-center\">Re\u0161trukturaliz\u00e1cia<\/h3>\n\n\n\n<h5 class=\"wp-block-heading has-text-align-center\"><a href=\"https:\/\/apelyon.esb.sk\/index.php\/mudre-nastroje\/mapa-podnikovych-interakcii\/\" data-type=\"page\" data-id=\"572\">MAPA PODNIKOV\u00ddCH INTERAKCI\u00cd<\/a><\/h5>\n\n\n\n<h5 class=\"wp-block-heading has-text-align-center\"><a href=\"https:\/\/apelyon.esb.sk\/index.php\/mudre-nastroje\/zavedenie-riesenia\/\" data-type=\"page\" data-id=\"785\">ZAVEDENIE RIE\u0160ENIA<\/a><\/h5>\n\n\n\n<h5 class=\"wp-block-heading has-text-align-center\"><a href=\"https:\/\/apelyon.esb.sk\/index.php\/mudre-nastroje\/biznis-konzola\/\" data-type=\"page\" data-id=\"771\">BIZNIS KONZOLA<\/a><\/h5>\n<\/div><\/div>\n<\/div>\n\n\n\n<div class=\"wp-block-column is-vertically-aligned-center is-layout-flow wp-block-column-is-layout-flow\" style=\"flex-basis:50%\">\n<div class=\"wp-block-cover\"><span aria-hidden=\"true\" class=\"wp-block-cover__background has-background-dim-0 has-background-dim\"><\/span><img loading=\"lazy\" decoding=\"async\" width=\"330\" height=\"330\" class=\"wp-block-cover__image-background wp-image-841\" alt=\"Obr\u00e1zok ot\u00e1znik \" src=\"https:\/\/apelyon.esb.sk\/wp-content\/uploads\/2024\/04\/otaznik-fialova-20.png\" data-object-fit=\"cover\" srcset=\"https:\/\/apelyon.esb.sk\/wp-content\/uploads\/2024\/04\/otaznik-fialova-20.png 330w, https:\/\/apelyon.esb.sk\/wp-content\/uploads\/2024\/04\/otaznik-fialova-20-300x300.png 300w, https:\/\/apelyon.esb.sk\/wp-content\/uploads\/2024\/04\/otaznik-fialova-20-150x150.png 150w\" sizes=\"auto, (max-width: 330px) 100vw, 330px\" \/><div class=\"wp-block-cover__inner-container is-layout-constrained wp-block-cover-is-layout-constrained\">\n<p class=\"has-text-align-left mb-0 has-neve-text-color-color has-text-color has-link-color wp-elements-e6a621ef0ff6efe64d128a3e736a0af3\">Ako si urobi\u0165 re\u00e1lny pl\u00e1n zmeny a dobre odhadn\u00fa\u0165 potrebn\u00e9 zdroje?<br><br>Chcem experimentova\u0165, ale chcem dopredu vedie\u0165, ak\u00e9 to bude ma\u0165 dopady.<br><br>Chcem aby moji kolegovia videli zmysel v potrebn\u00fdch zmen\u00e1ch.<br><br>Chcem aby u n\u00e1s robili m\u00fadry \u013eudia, svoju pr\u00e1cu zmysluplne.<\/p>\n<\/div><\/div>\n<\/div>\n<\/div>\n<\/div><\/div>\n\n\n\n<div id=\"wp-block-themeisle-blocks-advanced-columns-9c71ba1f\" class=\"wp-block-themeisle-blocks-advanced-columns has-1-columns has-desktop-equal-layout has-tablet-equal-layout has-mobile-equal-layout has-vertical-unset has-vertical-undefined\"><div class=\"wp-block-themeisle-blocks-advanced-columns-overlay\"><\/div><div class=\"innerblocks-wrap\">\n<div id=\"wp-block-themeisle-blocks-advanced-column-9987bd0b\" class=\"wp-block-themeisle-blocks-advanced-column\">\n<h2 class=\"wp-block-heading has-text-align-center\">St\u00e1le si kladiete ot\u00e1zku, ktor\u00e1 na\u0161a<br>slu\u017eba je pre v\u00e1s najvhodnej\u0161ia?<\/h2>\n\n\n\n<div class=\"wp-block-buttons is-content-justification-center is-layout-flex wp-container-core-buttons-is-layout-16018d1d wp-block-buttons-is-layout-flex\">\n<div class=\"wp-block-button is-style-primary\"><a class=\"wp-block-button__link wp-element-button\" href=\"https:\/\/apelyon.esb.sk\/index.php\/kontakt\/\">REZERVUJTE SI KONZULT\u00c1CIU<\/a><\/div>\n<\/div>\n<\/div>\n<\/div><\/div>\n","protected":false},"excerpt":{"rendered":"","protected":false},"author":1,"featured_media":0,"parent":0,"menu_order":0,"comment_status":"closed","ping_status":"closed","template":"","meta":{"neve_meta_sidebar":"","neve_meta_container":"","neve_meta_enable_content_width":"","neve_meta_content_width":0,"neve_meta_title_alignment":"","neve_meta_author_avatar":"","neve_post_elements_order":"","neve_meta_disable_header":"","neve_meta_disable_footer":"","neve_meta_disable_title":"on","_themeisle_gutenberg_block_has_review":false,"footnotes":""},"class_list":["post-382","page","type-page","status-publish","hentry"],"_links":{"self":[{"href":"https:\/\/apelyon.esb.sk\/index.php\/wp-json\/wp\/v2\/pages\/382","targetHints":{"allow":["GET"]}}],"collection":[{"href":"https:\/\/apelyon.esb.sk\/index.php\/wp-json\/wp\/v2\/pages"}],"about":[{"href":"https:\/\/apelyon.esb.sk\/index.php\/wp-json\/wp\/v2\/types\/page"}],"author":[{"embeddable":true,"href":"https:\/\/apelyon.esb.sk\/index.php\/wp-json\/wp\/v2\/users\/1"}],"replies":[{"embeddable":true,"href":"https:\/\/apelyon.esb.sk\/index.php\/wp-json\/wp\/v2\/comments?post=382"}],"version-history":[{"count":25,"href":"https:\/\/apelyon.esb.sk\/index.php\/wp-json\/wp\/v2\/pages\/382\/revisions"}],"predecessor-version":[{"id":1296,"href":"https:\/\/apelyon.esb.sk\/index.php\/wp-json\/wp\/v2\/pages\/382\/revisions\/1296"}],"wp:attachment":[{"href":"https:\/\/apelyon.esb.sk\/index.php\/wp-json\/wp\/v2\/media?parent=382"}],"curies":[{"name":"wp","href":"https:\/\/api.w.org\/{rel}","templated":true}]}}